= 5*n**2 - 9*n - 12. Let k(g) = 3*g**2 - 4*g - 6. Let s(y) = 4*b(y) - 7*k(y). Let r be 7/2*(-6 + 4). Calculate s(r).
1
Let s = 13 + -12. Let b(r) = r**2 - s + 5 + r - 2 + r. Let t = -9 + 5. What is b(t)?
10
Let n(i) = -i**3 + i**2 - 3*i + 79. Let u(v) = -6*v**3 + 5*v**2 - 16*v + 400. Let o(r) = 11*n(r) - 2*u(r). Give o(0).
69
Let s = 1180 - 1183. Let p(h) = 0*h**2 + 2*h**2 - 2*h - 3*h**2. Give p(s).
-3
Let h be ((-4)/(-6))/(2 + (-672)/333). Let b = -40 - h. Let v(i) = 2*i + 4. Give v(b).
-2
Let n = 68 + -61. Let s(k) be the second derivative of k**3/3 - 9*k**2/2 + 6*k. Determine s(n).
5
Let n(v) = v + 3. Let r(o) = -o**2 - 7*o + 2. Let j(l) = -2*n(l) - r(l). Suppose 1 = -4*g - 23. Calculate j(g).
-2
Suppose -10*k = 5 + 5. Let y = -1 + k. Let c(b) = 5*b + 3. Calculate c(y).
-7
Let n(g) = -2*g**2 - 5*g. Let v(i) = -3*i + 0*i**2 - 3*i**2 - 2*i - 2*i. Let w(f) = -8*n(f) + 5*v(f). Calculate w(-5).
0
Let r(a) = 8*a**3 - a**2 + 2*a + 6. Let b(c) = -6*c**3 - c - 5. Let n(h) = 5*b(h) + 4*r(h). What is n(2)?
5
Let q(w) = w**2 - 11*w - 18. Suppose 0 = -20*s + 13*s + 91. What is q(s)?
8
Suppose 0 = o - 5*z - 14, -6*z = -4*o - z + 56. Suppose -3*i - 6*u + u - o = 0, -u - 2 = i. Let h(t) = 4*t - 2*t + 8*t**2 - 1 + t**i. Calculate h(1).
10
Let l = -41 + 38. Let j(b) be the third derivative of -b**6/120 - b**5/40 + b**4/6 + 5*b**2. Let y(f) be the second derivative of j(f). Give y(l).
15
Let m(t) = 3 + 4*t - 2 - 5*t. Let a(j) = 7*j - 59. Suppose f - 5*k - 12 = 11, -f = -2*k - 14. Let w be a(f). What is m(w)?
4
Suppose 0 = 3*x + 39 - 54. Let m(b) = -b**3 + 3*b**2 + 13*b - 7. What is m(x)?
8
Suppose 10*x = -99 - 51. Let q(t) = 2*t + 34. Give q(x).
4
Let l = -20 + 34. Suppose 0 = -2*d + 2*q + l, 4*q = -5*d - 10. Let b(c) be the second derivative of -c**5/10 + c**4/6 - c**3/6 - c**2 + 2*c. What is b(d)?
-12
Let q(y) = -4*y + 8. Let s be 18/3*(6 - (-96)/(-18)). What is q(s)?
-8
Let f(t) = -t**2 + 8*t + 5. Let m = 127 + -73. Let o be (6/(-4))/((-9)/m). Determine f(o).
-4
Let b(n) = -n**2 - 7*n - 5. Let w be (1 + (-3)/6)*8. Suppose 5*a + 23 - 5 = w*p, -2*a - 15 = p. Determine b(a).
1
Let d(x) = x**2 + 4*x + 5. Suppose 3*r - 15 = -4*t + 3, 19 = 2*r + 5*t. Suppose -2 = -r*c, 3*b + 2*c - 7*c = -17. Give d(b).
5
Let n(b) = 0*b**2 + 7*b + 52 + b**2 - 48. Let g be (0/2)/(-2 + 0). Let m be (g + 0 - -1)*-5. Determine n(m).
-6
Let t(o) = o**3 + 5*o**2 + 4. Let w(n) = -48*n - 149. Let c be w(-3). Determine t(c).
4
Let u(k) = k + 1. Suppose 0 = 3*h + 9, 4*h = -2*y - 0 - 2. Let f = 2 + -2. Let s = f + y. Calculate u(s).
6
Let n(q) = -q**2 + 11*q - 22. Let a be ((-8)/(-5))/4 - (-43)/5. Give n(a).
-4
Let c(j) be the second derivative of -3*j**5/10 + j**4/3 - 5*j**3/6 - 16*j. Let f(u) = 5*u**3 - 3*u**2 + 4*u + 1. Let y(r) = -4*c(r) - 5*f(r). Calculate y(0).
-5
Suppose 322 - 102 = 44*n. Let b(y) = -y**3 + 3*y**2 + 12*y - 7. Determine b(n).
3
Let q(o) = 0*o**3 - 2*o + o**3 - 3*o - 1 + 5*o**2. Let d(j) = j**3 - 14*j**2 - 437*j - 36. Let s be d(-15). Determine q(s).
-7
Suppose 0 = -7*t + 5*t. Suppose 0 = -t*m - 2*m - 10. Let c(p) = 0*p + 3 - p - 5 + 4. Calculate c(m).
7
Suppose -2*n + 2*h = 2*n - 12, -4*n = h - 24. Let i(t) = 2*t**2 - 6*t - 7. Give i(n).
13
Let i(w) be the third derivative of w**5/60 + w**4/3 - 23*w**3/6 + 73*w**2 + w. Give i(-11).
10
Let z(i) = -4*i + 2. Let f be z(2). Let b = f - -8. Let r(k) be the second derivative of -k**5/10 + k**4/6 + k**3/6 - k**2/2 - 5*k + 2. Calculate r(b).
-7
Suppose 4*f - 2*u - 7 = -3*u, 5*u - 12 = 3*f. Let m(d) = -d + 2 + 6*d - 4*d - f. Give m(2).
3
Let r be (2/13 - (-8)/(-52)) + -1. Let c(y) = 0*y**2 + y - 2*y**2 + 3*y**2. Determine c(r).
0
Let y(q) be the first derivative of -15*q**2/2 - q - 11. Calculate y(-2).
29
Suppose 0 = -s + 152 - 157. Let f be (-1)/4 - (-50)/8. Let q(d) = f + d**2 + 2*d + 2*d + 2*d. Give q(s).
1
Let t(l) = l**2 - 23*l + 28. Suppose -3*f + 88 = 5*z, 2*z = -3*f + 32 + 41. Determine t(f).
-14
Let k = 18 - 15. Suppose -k*h + 48 = h. Let t = -11 + h. Let m(x) = -2*x**3 - x + 1. Determine m(t).
-2
Let c(v) = 6*v + 1. Let d(j) = j**2 - j - 7. Let a(w) = 5*w**2 - 5*w - 35. Let s(b) = -2*a(b) + 11*d(b). Let g be s(3). Calculate c(g).
-5
Let i(x) = -8*x - 12. Let a(w) = -9*w - 15. Let v(m) = 5*a(m) - 6*i(m). Calculate v(4).
9
Let u(g) = -g**2 + 12*g - 13. Let w = 59 - 81. Let j be -22 + 22 + (0 - w/2). What is u(j)?
-2
Suppose 5*h - 31 + 21 = 0. Let o(b) = -h*b + 4*b - 6*b + b**2 - 4. Calculate o(7).
17
Let j be 3/(-6)*2/(-1) - 5. Let t(o) be the first derivative of o**4/4 + o**3 - 3*o**2/2 - 4*o - 1. Calculate t(j).
-8
Let k(u) = -9*u**2 + 8*u - 13. Let o(a) = 5*a**2 - 4*a + 7. Let m(y) = -6*k(y) - 11*o(y). What is m(-7)?
-20
Let q(v) = -3*v**3 - 2*v**2 + 3*v + 3. Suppose 0 = -3*x - 0*x + 4*p - 18, -3*p = -4*x - 17. Give q(x).
13
Let q(w) = -w. Let d(k) = k**2 - 7*k. Let y(b) = -d(b) + 6*q(b). Let x(m) = m**3 + 3*m**2 + 2*m + 4. Let p(g) = x(g) - 3*y(g). Determine p(-6).
10
Let j be 364/35 + 4/(-10). Let t be 8/j*(6 + -1). Let x(l) = 2*l + 3*l - 3 + 0 - t*l. Determine x(5).
2
Let d = -14 + 19. Let j(u) = -7*u + 8*u + 4*u + d*u + 1. Suppose -p - 2 = -1. Determine j(p).
-9
Let n(h) = 206 + 208 - 7*h - 413. Calculate n(4).
-27
Let j(y) = -y**3 + 9*y**2 + 22*y - 3. Suppose -5*k + b + 0*b + 57 = 0, -2*k - 3*b + 16 = 0. Let q be j(k). Let z(l) = l**2 - 3. Determine z(q).
6
Let i(l) be the second derivative of -l**3/3 - l**2/2 + l. Let w be 1 - -3 - (-352)/(-8). Let t = 41 + w. Calculate i(t).
-3
Let f(x) = -2*x. Let l = 2 + -3. Let n be f(l). Let a(w) = -w**3 - w**2. Let y(o) = -o**3 - 5*o**2 - 2*o + 3. Let k(c) = 2*a(c) - y(c). What is k(n)?
5
Let t(k) = 2*k - 8. Let w(d) = -4. Let f(v) = -4*t(v) + 7*w(v). What is f(3)?
-20
Let l(v) = 2*v**2 + v - 1. Suppose -w - w + 4 = 2*s, s = -5*w + 2. Suppose 2 = s*g - 0*g. Determine l(g).
2
Let a(h) = -22 - h**2 + 4*h + 23 + h**3 + 11*h - 16*h. Let c(t) = t**2 - 2*t - 1. Let o be c(2). Let y = o - -1. What is a(y)?
1
Let o(j) = -j**3 - 5*j**2 + 7*j + 2. Let i be 40/(-16)*12/5. Calculate o(i).
-4
Let d(k) = 7*k**3 + 14*k**2 - 20*k - 7. Let q(z) = 5*z**3 + 12*z**2 - 17*z - 6. Let h(u) = -3*d(u) + 4*q(u). Give h(3).
0
Let o(w) = w**3 + 9*w**2 + 8*w + 10. Suppose 4*h = 4*d - 216, -2*d + 221 = -4*h + 3*d. Let f = h + 41. Calculate o(f).
10
Let s(a) = -6*a + 2. Let z(r) = 7*r - 2. Let m(l) = -6*s(l) - 5*z(l). Let n(u) = -2*u - 17. Let x be n(17). Let w = 53 + x. What is m(w)?
0
Let s(k) = 7*k + 4. Let r(i) = 15*i + 9. Let z(p) = 6*r(p) - 13*s(p). Let m(l) = -2*l**2 - 45*l - 181. Let c be m(-17). Determine z(c).
-4
Let a be -2 - 2*(-5 + 595/150). Let v(w) be the third derivative of 0 + 5/24*w**4 + 0*w - 1/120*w**6 - 5/6*w**3 - a*w**5 - 4*w**2. Determine v(-5).
-5
Let d be (-4)/(-5)*(-75)/(-6). Let c be (-160)/(-50) + (-2)/d. Let k(h) = -h**2 + 2*h - 1. Let n be k(c). Let o(q) = q + 1. Determine o(n).
-3
Let l(v) = -4*v**3 + 2*v**2 - 2*v - 1. Let g = -1055 - -1056. Determine l(g).
-5
Let s(h) = -h**2 + 8*h - 14. Suppose -69*a + 68*a - 2*t + 4 = 0, 0 = -4*t - 4. What is s(a)?
-2
Let n = -8 - -9. Let p(w) = -9 - 10*w - 3*w**2 + 0*w**2 - 2*w. Let t(y) = -y**2 - y + 1. Let h(i) = n*p(i) - 2*t(i). What is h(-8)?
5
Let q be (-6)/(-3) + -3 + 11. Let v(b) = 5 + b**2 + 6*b - q + 2. Let d = -20 - -14. Calculate v(d).
-3
Suppose -8 = -4*j - 0*j. Let c be ((-14)/5)/(j/10). Let d be (-12)/14*c/(-2). Let q(y) = y**2 + 6*y. Give q(d).
0
Let r(w) = 73 + 11*w - 6*w - 66. What is r(3)?
22
Let m(f) = f - 1. Let u be m(3). Suppose 0*s - 2*j = -3*s - 17, -7 = s - u*j. Let q(a) = a**2 + 3*a - 5. Determine q(s).
5
Suppose 55*v = 48*v + 35. Let t be -2 + 9 - (-4 - -6). Let y(m) = 2*m - 6. Let s(a) = 2*a - 6. Let c(h) = t*s(h) - 6*y(h). Determine c(v).
-4
Let z(x) = 0*x + x - 2*x + 9. Suppose 8*u + 10*u = 0. Give z(u).
9
Let s(x) be the third derivative of x**6/60 + x**5/15 + x**4/8 + 51*x**2. What is s(-2)?
-6
Let i = 20 - 25. Let h(j) = j**2 + 8*j - 2. Suppose 0 - 7 = -7*r. Let t(y) = y + 1. Let u(m) = r*h(m) - 4*t(m). What is u(i)?
-1
Let j(c) = c**2 + 9*c - 3. Let v = 6 + -11. Determine j(v).
-23
Let a(r) = -r**3 - 48270*r + 2 + 2*r**2 + 48270*r - 4. Calculate a(2).
-2
Let u = 7 - 4. Let n be 2 + 0/(8/2). Let y(k) = -2 + 2*k + 163*k**2 - 164*k**n + 1 - 1. Determine y(u).
-5
Let g(o) be the second derivative of